in base 4?
-131213
23b0 (base 13) to base 7
20464
6614 (base 16) to base 15
7b22
Convert -12213 (base 13) to base 6.
-414113
What is 2232 (base 7) in base 8?
1447
2293 (base 11) to base 9
4110
What is -1204 (base 10) in base 2?
-10010110100
Convert 22030 (base 4) to base 8.
1214
351 (base 9) to base 5
2124
Convert 2c9 (base 16) to base 8.
1311
Convert 440 (base 9) to base 6.
1400
-5767 (base 13) to base 5
-343003
What is 91 (base 16) in base 12?
101
What is -3343033 (base 5) in base 2?
-1110011100000111
Convert -330444 (base 5) to base 9.
-16537
-3551 (base 7) to base 16
-51e
What is -1 (base 4) in base 2?
-1
What is -4510 (base 12) in base 11?
-581a
What is 1028 (base 11) in base 4?
111101
27110 (base 9) to base 14
6963
Convert 23302 (base 5) to base 2.
11010100110
What is 45101 (base 6) in base 5?
200201
2515 (base 8) to base 11
1024
What is 136330 (base 8) in base 14?
13892
What is -11030 (base 4) in base 9?
-408
What is 14a51 (base 11) in base 16?
52ef
Convert 6271 (base 8) to base 13.
1637
-1a2 (base 13) to base 2
-100101101
Convert 230043 (base 6) to base 13.
8b26
What is -3247 (base 8) in base 15?
-788
Convert -1200200202 (base 3) to base 9.
-50622
Convert -3242 (base 6) to base 15.
-34b
254c (base 15) to base 8
17413
2365 (base 8) to base 9
1660
Convert -100010111001 (base 2) to base 10.
-2233
Convert 35525 (base 7) to base 2.
10001111011110
Convert -308a (base 11) to base 4.
-333323
What is 10001110 (base 3) in base 11?
1744
Convert 166 (base 16) to base 4.
11212
13536 (base 11) to base 5
1104103
-15a7 (base 14) to base 10
-3871
Convert 4cb5 (base 14) to base 5.
412422
What is 5c7 (base 16) in base 12?
a33
What is 3020 (base 5) in base 7?
1060
What is 111111110111000 (base 2) in base 8?
77670
What is -3947 (base 16) in base 12?
-859b
What is 2c67 (base 13) in base 15?
1ddc
1a2c (base 13) to base 12
2331
Convert -591 (base 12) to base 13.
-4ba
What is 420110 (base 6) in base 5?
2034423
Convert -1083 (base 16) to base 12.
-2543
Convert 679 (base 10) to base 12.
487
What is -212012222 (base 3) in base 10?
-16928
What is -3738 (base 11) in base 15?
-16a6
Convert -121132 (base 4) to base 11.
-1252
What is -331 (base 12) in base 14?
-257
What is 392a (base 11) in base 7?
20624
Convert -6664 (base 10) to base 15.
-1e94
-418 (base 14) to base 11
-673
Convert -f5 (base 16) to base 11.
-203
-13101010 (base 4) to base 13
-10717
-3300312 (base 4) to base 8
-36066
What is -811 (base 11) in base 8?
-1724
36362 (base 9) to base 16
5f24
Convert -137 (base 13) to base 6.
-555
-1355 (base 7) to base 2
-1000010010
What is 103a5 (base 11) in base 5?
440434
Convert -2334 (base 9) to base 7.
-5023
Convert -5b (base 14) to base 8.
-121
Convert -11224 (base 5) to base 15.
-394
What is 10562 (base 8) in base 4?
1011302
Convert 10a3 (base 11) to base 9.
1874
Convert 11100100 (base 2) to base 6.
1020
Convert -1114 (base 14) to base 9.
-4046
-121102 (base 4) to base 6
-11254
What is cc5d (base 16) in base 4?
30301131
Convert -a75 (base 12) to base 6.
-11025
55a (base 11) to base 3
220211
Convert 56636 (base 10) to base 9.
85618
What is 5dc (base 16) in base 11?
1144
1100011202 (base 3) to base 9
40152
-f78 (base 16) to base 12
-2360
What is -3204 (base 8) in base 10?
-1668
Convert 101001111001 (base 2) to base 14.
d97
Convert 21353 (base 9) to base 10.
14142
-702 (base 9) to base 11
-478
What is -8a2 (base 11) in base 6?
-5000
Convert 3a (base 11) to base 3.
1121
Convert 1460 (base 13) to base 14.
110b
Convert -4c4 (base 16) to base 8.
-2304
Convert -54a (base 14) to base 7.
-3023
332011 (base 4) to base 9
5404
667 (base 8) to base 3
121021
-1407 (base 9) to base 15
-4aa
What is 1032 (base 7) in base 13?
222
What is -54003 (base 8) in base 9?
-33814
What is -7684 (base 13) in base 11?
-11441
426a (base 12) to base 13
3412
Convert -623 (base 12) to base 8.
-1573
Convert 1a0 (base 15) to base 13.
22b
What is -527 (base 14) in base 3?
-1101121
-1122141 (base 5) to base 16
-4f48
What is -4cb (base 15) in base 14?
-57d
What is 552 (base 7) in base 8?
432
Convert 525030 (base 6) to base 9.
64350
-28053 (base 10) to base 13
-c9cc
-53104 (base 6) to base 5
-212133
-122123 (base 5) to base 11
-355a
What is 131112 (base 4) in base 10?
1878
What is 4aa (base 11) in base 6?
2444
-57327 (base 8) to base 11
-17272
What is 5103 (base 6) in base 5?
13434
Convert -14095 (base 10) to base 8.
-33417
What is 1762 (base 14) in base 13?
1bb3
What is -359 (base 11) in base 4?
-12223
What is -401241 (base 5) in base 16?
-3198
515 (base 13) to base 9
1158
What is 730 (base 9) in base 15?
299
What is 19f (base 16) in base 13?
25c
Convert -17736 (base 8) to base 4.
-1333132
4035 (base 10) to base 5
112120
What is 460 (base 11) in base 16?
226
What is -22012102 (base 4) in base 12?
-1bb2a
Convert 413 (base 13) to base 15.
312
143 (base 13) to base 7
440
3641 (base 10) to base 12
2135
-10010100010 (base 2) to base 9
-1557
Convert 180 (base 12) to base 5.
1430
What is -2571 (base 9) in base 8?
-3607
What is 49c8 (base 13) in base 12?
6089
What is 2001120012 (base 3) in base 4?
21320321
Convert 5083 (base 14) to base 9.
20872
Convert -10110110100111 (base 2) to base 10.
-11687
What is -888 (base 9) in base 15?
-338
What is 103602 (base 8) in base 3?
1202120211
-24102 (base 8) to base 4
-2201002
Convert 17 (base 16) to base 9.
25
Convert 4266 (base 10) to base 11.
3229
-1076 (base 12) to base 5
-24233
540410 (base 6) to base 2
1010110010110110
-2013 (base 4) to base 2
-10000111
Convert -122 (base 16) to base 8.
-442
Convert 1402 (base 12) to base 3.
10011102
-110001 (base 2) to base 6
-121
What is 6370 (base 11) in base 7?
33365
What is -2321 (base 5) in base 13?
-1cb
-45a7 (base 12) to base 15
-2474
Convert 2e0 (base 16) to base 9.
1007
-6321 (base 12) to base 2
-10101001001001
Convert -560a (base 11) to base 8.
-16337
Convert 1901 (base 11) to base 10.
2421
Convert 3707 (base 9) to base 4.
223021
What is 2303 (base 5) in base 2?
101001000
110101 (base 2) to base 8
65
Convert -10000100110001 (base 2) to base 6.
-103201
-111000110 (base 3) to base 2
-10010100010001
Convert -7e2c (base 15) to base 2.
-110100011000001
Convert 5395 (base 10) to base 8.
12423
Convert -14034 (base 5) to base 2.
-10001111000
-100011001110 (base 2) to base 6
-14234
171 (base 15) to base 7
652
What is 8584 (base 12) in base 6?
151444
Convert -44b (base 13) to base 11.
-612
What is 71145 (base 9) in base 6?
1000322
-4207 (base 10) to base 4
-1001233
-3320 (base 7) to base 5
-14230
What is -1145404 (base 6) in base 5?
-3421334
-3b09 (base 12) to base 16
-1a79
9534 (base 14) to base 5
1310342
What is 1409b (base 12) in base 4?
12301313
-144a1 (base 14) to base 9
-76017
-562 (base 14) to base 5
-13231
-22355 (base 6) to base 9
-4308
-2310331 (base 5) to base 15
-c3b1
What is -13112313 (base 4) in base 8?
-72667
What is -67 (base 10) in base 15?
-47
Convert 5686 (base 11) to base 2.
1110100110011
2 (base 9) to base 7
2
What is 102020 (base 3) in base 5?
2203
-100011000111011 (base 2) to base 10
-17979
Convert -15550 (base 8) to base 4.
-1231220
What is 152321 (base 7) in base 10?
29660
Convert 20024 (base 5) to base 13.
763
-103d (base 15) to base 13
-1741
Convert -1135 (base 10) to base 13.
-694
2031 (base 11) to base 14
da8
Convert 121310 (base 4) to base 7.
4550
What is -23745 (base 9) in base 15?
-4ab2
What is -343e (base 15) in base 13?
-5078
What is 10312 (base 4) in base 2?
100110110
Convert -6849 (base 16) to base 10.
-26697
-461 (base 10) to base 5
-3321
Convert -30123 (base 8) to base 7.
-51032
Convert -1405 (base 7) to base 6.
-2304
2272 (base 9) to base 8
3225
Convert 18747 (base 13) to base 4.
23210103
Convert -103310 (base 4) to base 15.
-598
Convert -6a69 (base 12) to base 13.
-5547
Convert -13405 (base 13) to base 5.
-2121313
Convert b25 (base 12) to base 16.
64d
What is 120111012 (base 3) in base 9?
16435
271 (base 13) to base 6
1554
Convert -11021021 (base 3) to base 15.
-dc7
3232 (base 5) to base 7
1201
What is 43a4 (base 15) in base 13?
66a3
Convert -24385 (base 9) to base 11.
-11321
122022 (base 3) to base 11
395
What is -4424 (base 5) in base 16?
-266
-1b (base 14) to base 16
-19
Convert 130512 (base 8) to base 7.
246215
-8809 (base 11) to base 7
-45615
Convert 715 (base 9) to base 7.
1460
What i